2)/(-6)). Suppose 4 = -3*f + 6*n - 2*n, -5*f + 36 = 4*n. Let x(c) = 2 - 5*c + v*c - f*c. Calculate x(-7).
-5
Let s(l) = 3*l**2 + 16*l. Let c be s(-5). Let a(j) = -4*j**2 - j + j**2 + 7 - 3*j**2. Let d(r) = 7*r**2 - 8. Let z(x) = c*a(x) - 4*d(x). What is z(-4)?
9
Suppose 0*c - 3 = c. Let v(i) = -9*i**2 + 3*i - 9. Let u(h) = -5*h**2 + 2*h - 5. Let s be 3/(-18) + 76*3/72. Let a(x) = s*v(x) - 5*u(x). Determine a(c).
-17
Let y(k) = 3*k + 4. Let r(d) = -38*d - 14. Let c(a) = -r(a) - 3*y(a). Determine c(1).
31
Let x(v) = v**3 - 10*v**2 + 11*v - 1. Let p(z) = z**3 + 41*z**2 - 130*z + 97. Let d be p(-44). Determine x(d).
17
Let z(r) = -r. Let g(p) = -p**3 + 17*p**2 - 14*p - 15. Let i be g(16). Suppose 4*k - i = -13. Let d(c) = 7*c + 19. Let q(m) = k*d(m) + 6*z(m). What is q(-11)?
8
Let x = 36 + -23. Let g = 20 - x. Let t(c) = -7*c**2 + 24*c - 6. Let y(v) = 3*v**2 - 11*v + 3. Let r(n) = 2*t(n) + 5*y(n). Determine r(g).
3
Let y(w) = -2*w**2 - 3*w. Let k = -66 - -63. Let m be (k*(-1)/3)/((-4)/4). Let j be 4/(-2) + 1 - (m - -2). Give y(j).
-2
Let n(i) = 3*i**2 - 4*i + 4. Let c be n(4). Let x be (-8)/c - 6/(-27). Let f(o) = -5*o - o**2 - 2 + 4*o + 0*o. Give f(x).
-2
Let o(s) be the second derivative of -3*s**3/2 + 91*s**2/2 + 4995*s + 2. Give o(0).
91
Let n(m) = m**2 + m - 596. Let o be n(-25). Let g(q) = 2*q**2 - 6*q + 4. What is g(o)?
12
Let b(j) be the first derivative of j**3/3 - 3*j**2/2 - 7*j + 125. Let x = 91 + -61. Let n = x + -25. What is b(n)?
3
Suppose -6*n + 8*n - 346 = -v, 5*v = 3*n - 506. Suppose -2*w + 2*g = 3*g - 83, 4*w - 4*g - n = 0. Let s(o) = 89 - 43 - o - w. Give s(-4).
8
Let h(q) be the second derivative of -q**5/20 - 7*q**4/6 - 4*q**3/3 + 16*q**2 + 10*q + 15. Calculate h(-13).
-33
Let j = -475 + 488. Let f(l) = -11*l + 201 + j*l**2 - 112 - 103 + 2*l**3 - 3*l**3. What is f(12)?
-2
Suppose 4*z = -3*u - 0*u + 2, 3*z + 11 = 4*u. Let l be (-11)/(-4) - z*2/8. Let r(c) = -c**3 + 3 + c**2 + 12*c**3 - c - 12*c**l. What is r(0)?
3
Let w(h) = 2*h + 7. Let u(z) = 5*z + 11. Let k(t) = 16*t + 35. Let o(l) = 2*k(l) - 7*u(l). Let b(a) = -5*o(a) - 6*w(a). Give b(5).
8
Let t be (63/3)/((-9)/6 - -3). Suppose -9 = -4*g + 3*o, -2*g + 5*o + 1 = -t. Let b(z) = -5*z + g*z + z + 3*z - 12. Give b(-8).
-4
Let l(f) = -4*f - 970 + 2901 - 965 - 964. Let r = 4 + -6. Determine l(r).
10
Suppose 7*j = -11*j - 5 + 149. Let t(g) = g**2 + g - 17. Calculate t(j).
55
Let h be (-10 - 483/(-49))/((-33)/21 + 1). Let g(w) be the first derivative of 0*w + 26 + 1/2*w**2 + w**3 - h*w**4. Determine g(3).
3
Let o(n) = -n**2 - 67*n + 7. Let c(d) = d**2 + 74*d - 7. Let p(r) = -9*c(r) - 10*o(r). Give p(-2).
-11
Let q(n) = -n**3 - 24*n**2 - 148*n - 100. Let d be q(-14). Let w(i) = 3*i - 79. Give w(d).
-43
Let s(t) = 5*t**3 + 2*t - 1. Let b = -57 - -60. Suppose d - 2 = -b*n, -4*n = 3*d - 3*n + 2. Let u be (1/d)/((-5 - -3) + 1). Give s(u).
6
Let l(a) = -21*a**3 - a - 1. Suppose 0 = -2*s + m + 6, m = s - 5*s. Suppose -7 + 27 = 5*p, 0 = -5*r - p - s. Give l(r).
21
Let y(o) = o + 3. Suppose -4*q = 5*j - 72, -5*j + 1 = q - 8*j. Suppose -80 = -q*f + 33*f. Calculate y(f).
-1
Let w(p) = p - 12. Let q(k) = k - 12. Let z(s) = -3*q(s) + 2*w(s). Let i be -21 + (32 - 60/3). Calculate z(i).
21
Let v(y) = 109*y**2 - 3*y + 11. Let g(f) = 20*f**2 + f. Let i(d) = -5*g(d) + v(d). Determine i(2).
31
Let b(k) be the first derivative of -k**7/420 - k**6/72 - k**5/120 + k**4/12 - 20*k**3/3 - k**2/2 - 42. Let f(g) be the third derivative of b(g). What is f(-3)?
14
Suppose -95*w = -102*w + 49. Suppose -w*x - 18 = -10*x. Let a(p) = 5*p + 2 - 11 - p. Give a(x).
15
Let m(n) = -4*n**3 - 5*n**2 + 13*n + 24. Let o(z) = -10*z**2 - 256*z + 46 - 8*z**3 + z**3 + 281*z. Let v(s) = -5*m(s) + 3*o(s). What is v(-6)?
-6
Let i(w) = 11*w**2 + 40*w + 3. Let y(k) = -8*k**2 - 27*k. Let s(h) = 5*i(h) + 7*y(h). Give s(13).
-11
Let z(n) = -n**3 + 3*n**2 - 3*n. Let a = -44 + 39. Let u be -2 + (-2 - a/2)*0. Let b be (-10)/35 + 37/7 + u. Determine z(b).
-9
Let a(z) = -1. Let t(w) = w + 3. Let s(v) = -a(v) - t(v). Let h = -23 - -26. Suppose 7*c = h*c + 32. What is s(c)?
-10
Let y(k) = k**3 + 20*k**2 + 119*k + 214. Let q be y(-6). Let a(z) be the first derivative of 0*z**3 - 4*z**q - 1/2*z**2 - 6 + 0*z. What is a(-1)?
17
Let r(a) be the first derivative of -1/4*a**4 + 10 - 1/3*a**3 + 1/20*a**5 - 8*a - 1/2*a**2. Let l(z) be the first derivative of r(z). What is l(4)?
7
Let q be (3/(-2) - -2)*-4. Let v(o) be the first derivative of o**3/3 - 3*o**2/2 - 3*o - 6221. Give v(q).
7
Let h(u) be the first derivative of -u**3/3 + 13*u**2/2 + 21*u + 645. Calculate h(15).
-9
Let w = 14 + -18. Let l(q) = -160 + 206 + 3*q - 33. Give l(w).
1
Let s = 480 - 482. Let c(t) be the first derivative of -t**4/4 - t**3 - 3*t**2/2 - 5*t + 9. Determine c(s).
-3
Let y(n) = 4*n**3 - 16*n**2 - 2*n + 18. Let c be y(6). Let a = c + -288. Let h(t) = -t**2 + 5*t - 6. Give h(a).
-12
Let s(c) be the third derivative of -c**5/60 + c**4/4 - c**3/2 - c**2. Let n(x) = x**2 - 12*x + 24. Let g = -90 + 100. Let d be n(g). Give s(d).
5
Let a(v) = -3*v**2 - 3*v + 28. Suppose 385*j - 30 = 380*j + 5*k, k = -2. Give a(j).
-32
Let q = 75 + -66. Suppose 3*v - 1 - q = p, -2*v + 7 = -p. Let y(f) = 240*f - 242*f - 2 + 3*f**v - 1. Determine y(-2).
-23
Let h(l) = 111*l - 4 + 3 - 177*l + 3 + 24*l. What is h(-1)?
44
Let q(h) = h**2 - 7*h + 3. Let s be q(4). Let t(n) be the second derivative of n**5/20 + 3*n**4/4 - n**3/6 - n**2 + n + 1329. Determine t(s).
7
Let w(b) = 6*b - 32. Suppose -3*i - 320 + 341 = 0, 0 = -2*q - 5*i + 45. Calculate w(q).
-2
Let w(d) = -d**2 - 16*d - 66. Let h = -1747 + 1736. Calculate w(h).
-11
Let c(g) be the second derivative of g**5/10 + g**4/4 + g**3/6 - 2*g**2 + 2*g - 1498. Give c(-3).
-34
Let j(d) be the second derivative of d**4/12 + 7*d**3/2 - 77*d**2/2 - 2*d - 162. Give j(-24).
-5
Let d(p) be the first derivative of p**4/12 + 7*p**3/3 + 13*p**2/2 + 61*p + 46. Let b(o) be the first derivative of d(o). Calculate b(-13).
0
Suppose 0 = 14*f + 51*f - 325. Let s(j) = -j**3 + 9*j**2 - 15*j - 26. What is s(f)?
-1
Let w(a) = 9*a**2 - 47*a - 78. Let z(y) = 11*y**2 - 57*y - 97. Let r(t) = 5*w(t) - 4*z(t). Let j be 7/(-4)*8/(-2). Calculate r(j).
-2
Let r = 398 + -398. Suppose -17*a - 41 + 75 = r. Let m(b) = b**2 + b - 3. What is m(a)?
3
Suppose 5*j + 5*b = 3*j + 44, 0 = 3*b - 12. Suppose j*c - 10*c = -5*r - 16, 4*r + 3*c + 10 = 0. Let l(f) = f - 5. Determine l(r).
-9
Let y = 26 - 20. Let r(b) be the first derivative of -5 + 5*b - 1/3*b**3 + 2*b**2. Calculate r(y).
-7
Let v(z) = -z**2 - 30*z - 3. Suppose 63*x = 30*x - 924. Calculate v(x).
53
Let i(s) = s**3 - 4*s**2 - 3*s - 8. Let a = -3030 + 3036. Give i(a).
46
Let j be (8/(-10))/((-34)/(-255)). Let g(o) = -o**2 - 1. Let v(h) = -h**3 - 5*h**2 - h - 7. Let i(t) = j*g(t) + v(t). Calculate i(2).
-7
Let u(l) = 2*l - 6. Let o(m) = -m**2 + 5*m + 14. Let k be o(-5). Let f = -31 - k. Suppose 3*q + 2*r - 11 = f, 0 = -5*q + r + 44. Determine u(q).
10
Let h be 2835/252*(-56)/(-126). Let v(s) = -6*s**3 + 7*s - 1. Let f(q) = -7*q**3 - q**2 + 8*q. Let c(r) = -5*f(r) + 6*v(r). What is c(h)?
4
Let d = 1 - 0. Let p(t) = -132*t**2 + 137*t**2 - 85*t + 85*t. What is p(d)?
5
Let m(a) = -2 - 7*a - 2 - a - a**2. Let s(o) be the second derivative of -3*o**5/10 + o**4/6 - 2*o**3/3 + 3*o**2/2 + 64*o. Let n be s(1). Give m(n).
11
Let q(h) = -19*h**3. Let d(j) = 2*j**2 - 90*j + 92. Let b be d(44). Suppose -b - 16 = 20*m. What is q(m)?
19
Let g(p) = 3*p**2 + 14*p + 27. Let w be g(-19). Let c be w/(-6)*24/(-16). Let d(t) = -c*t - 1 + 212*t + 2. Calculate d(0).
1
Let y(x) = 1 - 35*x + 0*x - x**2 + 11*x + 10*x. Give y(-14).
1
Let g(n) be the first derivative of -n**2 + 2*n - 1. Suppose -8 = 4*r, 0*x - 4*x + 5*r = -66. Let m be ((-4)/x - (-1672)/266) + -1. Determine g(m).
-8
Let g(k) = k**2 + 2*k - 20. Let o be 48/16 + 3 + -13. Determine g(o).
15
Let s = -4 + 11. Let x = 197 + -181. Let z(r) = 10*r**2 + 9*r + 5*r**2 + 0 - 7 - x*r**2. What is z(s)?
7
Suppose 23*n = 121 + 40. Let w(f) = -n - f**3 - 25*f**2 + 29*f**2 + 10*f - 5*f. Suppose -5*m - r + 9 = 3*r, 0 = 4*m - 5*r - 40. Calculate w(m).
-7
Let k(l) = 3*l**2 + 5*l - 2. Let z be ((-4)/(-20))/(11*8/1320). Determine k(z).
40
Let w(l) = -6*l**3 - 2*l - 1. Let s(y) = -y**2 + 27*y + 16. Let f(a) = 2*a. Le